 base 7?
-343
What is 3 (base 6) in base 3?
10
0 (base 8) to base 16
0
Convert 0 (base 9) to base 7.
0
What is 7 (base 10) in base 4?
13
27 (base 8) to base 10
23
What is 2 (base 8) in base 13?
2
Convert -1 (base 15) to base 13.
-1
0 (base 3) to base 11
0
-5 (base 13) to base 6
-5
Convert -20122 (base 3) to base 5.
-1204
What is -2204 (base 5) in base 8?
-460
What is 0 (base 2) in base 12?
0
What is -5 (base 8) in base 14?
-5
What is -2 (base 3) in base 15?
-2
-1 (base 7) to base 9
-1
What is -9 (base 11) in base 2?
-1001
What is 8 (base 16) in base 10?
8
Convert 1 (base 8) to base 7.
1
-1 (base 10) to base 7
-1
Convert 13 (base 16) to base 14.
15
-26 (base 9) to base 14
-1a
What is 53 (base 13) in base 10?
68
99 (base 10) to base 15
69
What is 42 (base 8) in base 9?
37
Convert 27 (base 13) to base 15.
23
Convert -321 (base 6) to base 14.
-89
-2 (base 8) to base 9
-2
Convert 110 (base 2) to base 9.
6
12 (base 3) to base 14
5
What is -4 (base 15) in base 6?
-4
What is c (base 13) in base 8?
14
What is 135 (base 6) in base 5?
214
-e (base 15) to base 13
-11
79 (base 16) to base 9
144
What is 57 (base 8) in base 16?
2f
What is 33 (base 11) in base 10?
36
Convert -3 (base 15) to base 14.
-3
10 (base 10) to base 8
12
3 (base 9) to base 12
3
Convert 74 (base 11) to base 5.
311
-1000 (base 2) to base 4
-20
What is -2 (base 9) in base 2?
-10
2 (base 8) to base 7
2
What is 19 (base 15) in base 10?
24
101010001 (base 2) to base 16
151
-10 (base 16) to base 10
-16
-66 (base 7) to base 16
-30
-9b (base 14) to base 3
-12002
1c9 (base 14) to base 10
373
-20102 (base 3) to base 10
-173
Convert c4 (base 16) to base 14.
100
Convert -5 (base 15) to base 9.
-5
What is 230 (base 4) in base 11?
40
-132 (base 9) to base 4
-1232
What is -24 (base 12) in base 4?
-130
Convert 1 (base 12) to base 7.
1
Convert 7 (base 12) to base 2.
111
-31 (base 9) to base 5
-103
Convert 43 (base 13) to base 8.
67
What is 2 (base 15) in base 16?
2
10 (base 4) to base 11
4
5 (base 10) to base 5
10
-2 (base 13) to base 11
-2
23 (base 6) to base 15
10
What is -7 (base 12) in base 6?
-11
What is -46 (base 9) in base 8?
-52
-1 (base 7) to base 11
-1
Convert 51 (base 9) to base 13.
37
Convert -8 (base 13) to base 14.
-8
5 (base 8) to base 7
5
Convert 9 (base 16) to base 9.
10
-8 (base 14) to base 8
-10
221 (base 3) to base 11
23
What is -7 (base 8) in base 13?
-7
-13 (base 15) to base 8
-22
21 (base 5) to base 3
102
What is 6 (base 15) in base 7?
6
What is -1011110 (base 2) in base 16?
-5e
What is 2 (base 8) in base 10?
2
What is 0 (base 2) in base 11?
0
5 (base 10) to base 4
11
-3 (base 10) to base 13
-3
1001 (base 2) to base 10
9
69 (base 11) to base 12
63
Convert 43 (base 5) to base 10.
23
-e7 (base 16) to base 6
-1023
Convert -131 (base 4) to base 14.
-21
-1122 (base 4) to base 5
-330
-1 (base 9) to base 6
-1
-78 (base 10) to base 4
-1032
What is 0 (base 11) in base 6?
0
2 (base 14) to base 4
2
What is -204 (base 8) in base 2?
-10000100
What is 255 (base 10) in base 3?
100110
What is -25 (base 15) in base 7?
-50
-2440 (base 5) to base 9
-451
Convert 19 (base 16) to base 12.
21
6 (base 16) to base 3
20
Convert 177 (base 10) to base 5.
1202
What is -11222 (base 3) in base 13?
-a4
What is 1 (base 8) in base 10?
1
What is 6 (base 16) in base 8?
6
What is -154 (base 6) in base 11?
-64
Convert -3 (base 8) to base 5.
-3
What is -33 (base 6) in base 5?
-41
What is 117 (base 12) in base 7?
322
Convert 14 (base 5) to base 15.
9
What is -13 (base 5) in base 8?
-10
-10101 (base 2) to base 10
-21
174 (base 10) to base 2
10101110
-11 (base 2) to base 6
-3
Convert 3 (base 16) to base 8.
3
What is 65 (base 7) in base 6?
115
What is -110 (base 2) in base 12?
-6
-10010 (base 2) to base 14
-14
What is b (base 16) in base 11?
10
Convert 31 (base 6) to base 3.
201
What is 1001 (base 2) in base 13?
9
7 (base 13) to base 2
111
-20 (base 5) to base 8
-12
Convert -7 (base 9) to base 4.
-13
-454 (base 6) to base 12
-12a
Convert 14 (base 14) to base 10.
18
What is -46 (base 8) in base 5?
-123
52 (base 9) to base 3
1202
What is -87 (base 9) in base 6?
-211
Convert -134 (base 11) to base 14.
-b4
Convert 414 (base 5) to base 6.
301
20 (base 4) to base 14
8
Convert -21 (base 7) to base 5.
-30
Convert -2 (base 16) to base 8.
-2
What is 6 (base 14) in base 5?
11
What is -131 (base 10) in base 16?
-83
Convert 4 (base 11) to base 14.
4
Convert -167 (base 11) to base 4.
-3002
Convert 1d (base 15) to base 3.
1001
What is -1 (base 15) in base 14?
-1
What is 21 (base 3) in base 6?
11
What is 11 (base 3) in base 14?
4
What is 10 (base 11) in base 12?
b
-11 (base 10) to base 5
-21
What is 3233 (base 4) in base 8?
357
Convert 20a (base 12) to base 6.
1214
What is -55 (base 6) in base 8?
-43
What is 6 (base 7) in base 15?
6
10 (base 4) to base 10
4
Convert -39 (base 10) to base 16.
-27
1 (base 2) to base 4
1
-93 (base 10) to base 15
-63
-10 (base 2) to base 12
-2
-3112 (base 4) to base 8
-326
What is 14 (base 13) in base 6?
25
-101 (base 5) to base 16
-1a
What is -1241 (base 5) in base 8?
-304
What is 3 (base 8) in base 6?
3
52 (base 12) to base 16
3e
What is -1 (base 8) in base 7?
-1
-2 (base 15) to base 4
-2
What is 5 (base 9) in base 12?
5
-1 (base 14) to base 10
-1
-133 (base 11) to base 5
-1112
37 (base 13) to base 6
114
Convert -8 (base 15) to base 13.
-8
What is 111 (base 8) in base 5?
243
4 (base 5) to base 6
4
Convert 1 (base 11) to base 15.
1
112 (base 3) to base 10
14
-1 (base 14) to base 12
-1
Convert b (base 16) to base 2.
1011
What is -35 (base 8) in base 5?
-104
431 (base 5) to base 14
84
What is 3 (base 13) in base 6?
3
0 (base 7) to base 13
0
Convert 1301 (base 4) to base 2.
1110001
-173 (base 11) to base 4
-3021
Convert -21 (base 5) to base 4.
-23
-33 (base 10) to base 14
-25
1 (base 8) to base 11
1
What is 40 (base 5) in base 12?
18
-10 (base 12) to base 4
-30
Convert 4 (base 5) to base 16.
4
What is 110 (base 2) in base 11?
6
What is -1332 (base 4) in base 10?
-126
1121 (base 3) to base 6
111
Convert 9 (base 16) to base 11.
9
101100 (base 2) to base 4
230
Convert -26 (base 9) to base 6.
-40
2 (base 15) to base 2
10
What is -10001110 (base 2) in base 11?
-11a
19 (base 10) to base 12
17
What is 1243 (base 5) in base 6?
530
8 (base 10) to base 7
11
-206 (base 7) to base 4
-1220
What is 84 (base 11) in base 15?
62
-134 (base 5) to base 13
-35
What is -20 (base 5) in base 11?
-a
What is -2 (base 11) in base 12?
-2
Convert 2a (base 13) to base 15.
26
What is -2 (base 13) in base 7?
-2
Convert 0 (base 16) to base 4.
0
Convert -100110 (base 2) to base 5.
-123
What is 1 (base 9) in base 3?
1
What is -2 (base 8) in base 4?
-2
Convert -21 (base 4) to base 15.
-9
Convert -14 (base 10) to base 13.
-11
What is 9 (base 14) in base 12?
9
What is -12020 (base 3) in base 5?
-1031
-52 (base 15) to base 16
-4d
34 (base 14) to base 5
141
What is 4 (base 12) in base 13?
4
Convert 2 (base 10) to base 11.
2
Convert -12 (base 14) to base 11.
-15
Convert -213 (base 5) to base 9.
-64
Convert -8 (base 12) to base 8.
-10
Convert 1 (base 16) to base 4.
1
What is 10001100 (base 2) in base 8?
214
-112 (base 4) to base 6
-34
Convert -121 (base 3) to base 4.
-100
What is -21 (base 5) in base 10?
-11
Convert 69 (base 14) to base 16.
5d
Convert 11 (base 2) to base 4.
3
Convert -8 (base 11) to base 13.
-8
Convert -200 (base 4) to base 12.
-28
-a4 (base 12) to base 2
-1111100
Convert 15 (base 6) to base 15.
b
3 (base 8) to base 9
3
Convert 226 (base 10) to base 6.
1014
-24 (base 10) to base 13
-1b
111 (base 2) to base 14
7
Convert -333 (base 5) to base 11.
-85
-22 (base 15) to base 4
-200
Convert -12 (base 4) to base 11.
-6
3 (base 6) to base 7
3
1010001 (base 2) to base 4
1101
What is -1 (base 2) in base 16?
-1
98 (base 16) to base 5
1102
-321 (base 5) to base 11
-79
Convert 1 (base 3) to base 13.
1
What is 1 (base 11) in base 15?
1
-235 (base 10) to base 7
-454
-1111 (base 4) to base 2
-1010101
13 (base 16) to base 5
34
-2 (base 12) to base 7
-2
55 (base 6) to base 14
27
What is -222 (base 4) in base 8?
-52
What is -1 (base 2) in base 12?
-1
49 (base 15) to base 2
1000101
185 (base 14) to base 2
100111001
-10 (base 4) to base 7
-4
80 (base 9) to base 4
1020
Convert 12 (base 5) to base 15.
7
What is 1101 (base 2) in base 12?
11
Convert 3 (ba